NOAA style reports
2011: Jan | Feb | Mar | Apr | May | Jun | Jul | Aug | Sep | Oct | Nov | Dec 
2010: Jan | Feb | Mar | Apr | May | Jun | Jul | Aug | Sep | Oct | Nov | Dec 
2009: Jan | Feb | Mar | Apr | May | Jun | Jul | Aug | Sep | Oct | Nov | Dec 
2008: Jan | Feb | Mar | Apr | May | Jun | Jul | Aug | Sep | Oct | Nov | Dec 
2007: Jan | Feb | Mar | Apr | May | Jun | Jul | Aug | Sep | Oct | Nov | Dec 
2006: Jan | Feb | Mar | Apr | May | Jun | Jul | Aug | Sep | Oct | Nov | Dec 
2005: Jan | Feb | Mar | Apr | May | Jun | Jul | Aug | Sep | Oct | Nov | Dec 

Report for 2007 02
MONTHLY CLIMATOLOGICAL SUMMARY FOR 2/2007 HEAT COOL MEAN DEG DEG WIND SPEED DOM MEAN MEAN DAY TEMP HIGH TIME LOW TIME DAYS DAYS RAIN AVG HI TIME DIR BAROM HUM --------------------------------------------------------------------------------------- 1 31.7 51.6 3:14pm 15.6 5:08am 33 0 0.00 3 13 4:07pm ENE 30.10 45 2 29.4 45.5 2:33pm 16.2 5:29am 36 0 0.00 2 12 3:12pm ENE 30.34 44 3 37.8 60.1 3:16pm 18.1 6:26am 27 0 0.00 2 9 1:31pm ENE 30.44 35 4 41.6 60.9 3:01pm 27.2 7:22am 23 0 0.00 2 15 3:36pm ENE 30.46 31 5 44.3 64.5 2:20pm 27.9 7:05am 15 0 0.00 6 33 2:15pm SSW 30.11 43 6 46.4 64.5 2:20pm 27.9 7:05am 18 0 0.00 7 33 2:15pm SE 30.09 38 7 47.0 54.4 11:13am 38.9 10:03pm 17 0 0.00 7 34 1:35pm S 29.93 36 8 46.7 54.5 1:59pm 36.5 5:29am 17 0 0.00 8 34 10:36pm SSW 29.99 48 9 46.6 53.1 1:03pm 40.6 11:55pm 16 0 0.04 4 23 3:05pm SSW 30.03 68 10 43.0 50.5 1:54pm 37.3 5:45am 22 0 0.20 3 28 7:41pm S 29.91 82 11 41.9 49.9 2:25pm 33.7 9:45pm 22 0 0.13 9 31 1:45pm ENE 29.85 64 12 37.0 49.1 2:36pm 27.3 6:52am 28 0 0.00 2 13 4:50pm ENE 30.05 63 13 33.2 43.5 3:47pm 26.3 5:02am 31 0 0.00 3 25 4:17pm ENE 30.17 78 14 35.4 49.4 3:13pm 23.0 6:17am 27 0 0.01 2 11 12:42pm ENE 30.41 63 15 43.2 59.3 3:02pm 30.3 4:44am 22 0 0.00 3 22 2:45pm ENE 30.48 57 16 44.5 57.3 3:04pm 29.7 4:51am 20 0 0.00 4 22 4:09pm NE 30.50 60 17 46.1 60.7 2:14pm 31.2 6:52am 18 0 0.00 3 12 2:16pm NE 30.29 60 18 43.6 52.5 4:12pm 32.5 11:37pm 21 0 0.02 8 36 9:09pm N 29.84 62 19 35.3 45.5 3:16pm 27.0 7:00am 30 0 0.00 4 29 12:03am ENE 30.05 59 20 41.5 56.2 2:01pm 23.6 4:19am 22 0 0.00 6 28 5:04pm SW 30.05 41 21 47.9 57.8 1:34pm 40.1 5:58am 17 0 0.00 14 39 11:15am S 29.85 24 22 35.9 46.2 12:18am 27.6 9:47pm 29 0 0.05 12 38 8:15am S 29.74 61 23 29.1 36.9 3:04pm 19.4 6:50am 36 0 0.03 5 26 4:05pm WNW 30.11 62 24 34.9 48.6 12:32pm 20.0 2:34am 29 0 0.00 7 33 10:23pm S 30.15 57 25 36.5 40.2 12:27am 34.0 9:31pm 28 0 0.01 17 47 4:35pm WSW 29.80 60 26 36.3 42.9 9:42am 27.2 11:51pm 28 0 0.00 11 40 12:52am WSW 29.78 63 27 28.0 42.9 4:26pm 22.7 7:44am 36 0 0.38 2 20 7:27pm SSE 29.86 70 28 30.6 44.1 12:17pm 22.9 6:41am 34 0 0.00 4 26 1:20pm W 29.99 54 --------------------------------------------------------------------------------------- TOT 38.9 64.5 2/6/07 15.6 2/1/07 702 0 0.87 6 47 2/25/07 ENE 30.09 54 HEAT BASE: 65.0 COOL BASE: 65.0

Special thanks go to Ken at http://saratoga-weather.com for the scripts used to produce these NOAA reports.
USA Weather
	 Finder

Updated Automatically by Ambient Software's Virtual Weather Station  v14.00 p101
©All rights reserved. Unauthorized duplication or distribution is prohibited
Disclaimer:
Never make important decisions based on this or any weather information obtained from the Internet

Webpage layout revised 01/01/2007 @4:22pm PT