NOAA style reports
2011: Jan | Feb | Mar | Apr | May | Jun | Jul | Aug | Sep | Oct | Nov | Dec 
2010: Jan | Feb | Mar | Apr | May | Jun | Jul | Aug | Sep | Oct | Nov | Dec 
2009: Jan | Feb | Mar | Apr | May | Jun | Jul | Aug | Sep | Oct | Nov | Dec 
2008: Jan | Feb | Mar | Apr | May | Jun | Jul | Aug | Sep | Oct | Nov | Dec 
2007: Jan | Feb | Mar | Apr | May | Jun | Jul | Aug | Sep | Oct | Nov | Dec 
2006: Jan | Feb | Mar | Apr | May | Jun | Jul | Aug | Sep | Oct | Nov | Dec 
2005: Jan | Feb | Mar | Apr | May | Jun | Jul | Aug | Sep | Oct | Nov | Dec 

Report for 2006 11
MONTHLY CLIMATOLOGICAL SUMMARY FOR 11/2006 HEAT COOL MEAN DEG DEG WIND SPEED DOM MEAN MEAN DAY TEMP HIGH TIME LOW TIME DAYS DAYS RAIN AVG HI TIME DIR BAROM HUM --------------------------------------------------------------------------------------- 1 40.8 55.9 4:28pm 28.4 3:20am 24 0 0.00 2 9 6:37pm ENE 30.15 34 2 48.4 60.7 11:54am 36.5 12:07am 15 0 0.02 6 27 1:35pm WNW 30.02 57 3 46.6 56.6 12:09pm 37.5 11:17pm 18 0 0.20 3 19 12:18pm ENE 30.08 73 4 41.9 39.1 12:00am 39.1 12:00am 21 0 0.00 2 3 12:00am NW 30.29 80 5 52.5 65.3 3:03pm 39.1 12:00am 27 0 0.00 2 9 5:00pm NW 30.29 51 6 50.8 69.4 3:18pm 33.4 6:48am 14 0 0.00 2 8 6:13pm ENE 30.29 61 7 54.0 55.4 11:17pm 47.9 12:00am 14 0 0.00 3 7 10:50pm ENE 29.87 45 8 54.6 62.4 12:57pm 43.6 11:25pm 10 0 0.00 9 31 3:01pm WSW 29.77 46 9 42.9 52.9 1:59pm 29.4 11:07pm 22 0 0.00 7 31 5:50am N 30.05 35 10 44.4 57.2 10:32pm 24.7 4:54am 18 0 0.00 4 33 10:20pm WNW 30.14 32 11 43.1 54.2 2:12am 29.5 11:52pm 21 0 0.07 11 46 3:28am N 29.97 54 12 35.0 48.8 7:13pm 21.6 6:25am 29 0 0.01 3 33 7:30pm ENE 30.27 64 13 50.2 58.0 2:16pm 38.3 2:15am 13 0 0.08 14 46 9:13pm WSW 29.89 60 14 45.3 53.5 1:54am 31.3 11:01pm 19 0 0.01 9 48 1:45am ENE 30.04 61 15 44.3 64.5 3:56pm 25.0 6:46am 21 0 0.00 2 23 6:30pm ENE 30.16 55 16 55.0 63.2 11:31am 41.3 11:59pm 10 0 0.00 8 26 3:39pm ENE 29.90 40 17 50.1 65.2 1:06pm 33.2 4:26am 14 0 0.00 5 25 2:06pm ENE 30.04 53 18 46.0 61.8 2:07pm 32.8 6:07am 19 0 0.00 3 16 2:07pm ENE 30.19 56 19 41.9 51.7 4:01pm 33.7 6:50am 23 0 0.00 2 8 11:25pm ENE 30.22 68 20 54.4 69.6 12:10pm 34.4 12:14am 10 0 0.00 6 31 2:38pm ENE 30.04 27 21 56.4 60.2 6:04am 50.5 11:48pm 8 0 0.00 12 42 10:10am SW 29.90 21 22 52.1 59.5 12:58pm 43.1 11:39pm 13 0 0.00 10 35 4:20am SW 29.93 24 23 39.8 48.2 2:30pm 24.4 11:25pm 37 0 0.00 7 34 2:30am SSW 30.18 37 24 31.6 50.4 2:34pm 16.5 6:52am 32 0 0.00 2 14 3:03pm ENE 30.19 40 25 34.4 52.3 2:06pm 19.4 7:07am 31 0 0.00 3 18 6:19pm NE 30.06 40 26 36.0 45.2 10:57am 19.2 4:57am 29 0 0.00 7 30 12:57pm SSW 29.89 44 27 36.9 40.9 10:22am 31.6 10:14pm 27 0 0.00 10 40 10:56am WSW 29.80 49 28 30.1 35.8 1:05pm 22.4 7:44pm 35 0 0.00 8 26 12:56pm W 30.09 46 29 23.3 35.5 1:40pm 11.6 6:41am 42 0 0.00 3 19 2:08pm ENE 30.58 45 30 28.1 48.0 3:17pm 12.6 4:07am 37 0 0.00 2 9 4:45pm ENE 30.62 37 --------------------------------------------------------------------------------------- TOT 43.1 69.6 11/20/06 11.6 11/29/06 651 1 0.40 6 48 11/14/06 ENE 30.10 48 HEAT BASE: 65.0 COOL BASE: 65.0

Special thanks go to Ken at http://saratoga-weather.com for the scripts used to produce these NOAA reports.
USA Weather
	 Finder

Updated Automatically by Ambient Software's Virtual Weather Station  v14.00 p101
©All rights reserved. Unauthorized duplication or distribution is prohibited
Disclaimer:
Never make important decisions based on this or any weather information obtained from the Internet

Webpage layout revised 01/01/2007 @4:22pm PT