NOAA style reports
2011: Jan | Feb | Mar | Apr | May | Jun | Jul | Aug | Sep | Oct | Nov | Dec 
2010: Jan | Feb | Mar | Apr | May | Jun | Jul | Aug | Sep | Oct | Nov | Dec 
2009: Jan | Feb | Mar | Apr | May | Jun | Jul | Aug | Sep | Oct | Nov | Dec 
2008: Jan | Feb | Mar | Apr | May | Jun | Jul | Aug | Sep | Oct | Nov | Dec 
2007: Jan | Feb | Mar | Apr | May | Jun | Jul | Aug | Sep | Oct | Nov | Dec 
2006: Jan | Feb | Mar | Apr | May | Jun | Jul | Aug | Sep | Oct | Nov | Dec 
2005: Jan | Feb | Mar | Apr | May | Jun | Jul | Aug | Sep | Oct | Nov | Dec 

Report for 2006 10
MONTHLY CLIMATOLOGICAL SUMMARY FOR 10/2006 HEAT COOL MEAN DEG DEG WIND SPEED DOM MEAN MEAN DAY TEMP HIGH TIME LOW TIME DAYS DAYS RAIN AVG HI TIME DIR BAROM HUM --------------------------------------------------------------------------------------- 1 63.3 77.2 1:08pm 49.9 10:34pm 8 6 0.08 8 33 2:44pm SSW 29.82 35 2 55.6 68.1 3:32pm 44.6 7:38am 10 0 0.00 3 15 4:15pm ENE 29.91 67 3 57.9 75.4 3:29pm 40.8 6:35am 18 2 0.00 5 25 4:57pm SSE 29.87 50 4 56.7 69.4 2:00pm 43.3 7:09am 9 0 0.00 5 23 4:36pm NNW 29.79 45 5 48.8 60.1 2:04pm 38.0 6:55am 25 0 0.00 4 22 12:14pm NNW 29.87 61 6 46.9 62.3 1:40pm 32.7 7:47am 18 0 0.19 4 29 4:11pm NE 29.96 65 7 49.2 63.1 3:47pm 37.9 7:11am 16 0 0.00 3 24 4:57pm ENE 30.09 63 8 49.3 65.2 3:31pm 34.7 7:14am 16 0 0.00 4 24 4:05pm ENE 30.16 52 9 50.8 65.5 4:10pm 33.8 7:45am 14 0 0.00 5 24 5:19pm N 29.99 44 10 41.9 51.9 12:00am 36.5 8:12am 23 0 0.05 3 22 1:57am SSW 30.05 78 11 48.8 63.4 4:34pm 34.6 7:18am 16 0 0.00 2 12 2:31pm ENE 30.13 66 12 51.5 70.1 5:18pm 34.7 7:14am 29 1 0.00 3 21 3:57pm ENE 29.97 53 13 53.2 71.6 2:56pm 35.5 7:24am 13 1 0.00 3 19 4:40pm ENE 29.82 42 14 55.3 73.5 4:03pm 36.3 7:49am 11 2 0.00 3 19 4:43pm ENE 29.75 36 15 57.8 75.8 2:42pm 40.5 6:12am 9 2 0.00 3 23 3:01pm ENE 29.71 38 16 54.1 62.0 12:10pm 41.8 11:49pm 11 0 0.00 8 28 12:51am NNW 29.62 41 17 43.4 51.0 4:26pm 35.6 11:58pm 22 0 0.00 5 21 2:21pm ENE 29.98 54 18 42.8 59.9 4:22pm 27.0 6:02am 42 0 0.00 3 17 3:17pm ENE 30.27 47 19 49.5 68.3 3:40pm 29.7 7:14am 16 0 0.00 3 16 4:27pm ENE 30.22 41 20 52.8 70.9 3:43pm 34.4 7:42am 13 1 0.00 3 18 5:11pm ENE 30.05 41 21 51.4 60.5 4:30pm 40.5 11:54pm 21 1 0.00 4 17 4:22pm ENE 30.14 30 22 48.4 68.1 4:19pm 31.3 7:24am 17 0 0.00 3 15 3:58pm NE 30.16 38 23 52.9 74.4 3:25pm 34.1 7:22am 14 2 0.00 2 14 3:39pm ENE 30.03 35 24 52.6 71.5 2:24pm 31.9 6:55am 13 1 0.00 3 23 2:40pm ENE 29.92 37 25 43.1 56.5 12:22am 31.8 7:34am 22 0 0.00 5 30 2:38am N 30.20 29 26 38.4 57.2 4:38pm 22.1 7:32am 26 0 0.00 4 19 2:47pm ENE 30.51 32 27 42.1 63.2 4:25pm 25.1 6:48am 23 0 0.00 2 13 4:46pm ENE 30.51 30 28 45.0 66.9 4:24pm 25.7 7:37am 20 0 0.00 2 11 3:15pm ENE 30.26 30 29 48.3 67.3 12:56pm 27.2 6:52am 17 0 0.00 4 23 11:43am ENE 29.96 26 30 47.3 67.4 12:18pm 25.8 6:18am 16 0 0.00 5 24 3:07pm W 29.92 18 31 46.6 65.6 1:47pm 26.4 6:53am 31 0 0.00 4 19 2:51pm ENE 30.02 23 --------------------------------------------------------------------------------------- TOT 49.8 77.2 10/1/06 22.1 10/26/06 555 20 0.32 4 33 10/1/06 ENE 30.02 44 HEAT BASE: 65.0 COOL BASE: 65.0

Special thanks go to Ken at http://saratoga-weather.com for the scripts used to produce these NOAA reports.
USA Weather
	 Finder

Updated Automatically by Ambient Software's Virtual Weather Station  v14.00 p101
©All rights reserved. Unauthorized duplication or distribution is prohibited
Disclaimer:
Never make important decisions based on this or any weather information obtained from the Internet

Webpage layout revised 01/01/2007 @4:22pm PT