NOAA style reports
2011: Jan | Feb | Mar | Apr | May | Jun | Jul | Aug | Sep | Oct | Nov | Dec 
2010: Jan | Feb | Mar | Apr | May | Jun | Jul | Aug | Sep | Oct | Nov | Dec 
2009: Jan | Feb | Mar | Apr | May | Jun | Jul | Aug | Sep | Oct | Nov | Dec 
2008: Jan | Feb | Mar | Apr | May | Jun | Jul | Aug | Sep | Oct | Nov | Dec 
2007: Jan | Feb | Mar | Apr | May | Jun | Jul | Aug | Sep | Oct | Nov | Dec 
2006: Jan | Feb | Mar | Apr | May | Jun | Jul | Aug | Sep | Oct | Nov | Dec 
2005: Jan | Feb | Mar | Apr | May | Jun | Jul | Aug | Sep | Oct | Nov | Dec 

Report for 2006 08
MONTHLY CLIMATOLOGICAL SUMMARY FOR 8/2006 HEAT COOL MEAN DEG DEG WIND SPEED DOM MEAN MEAN DAY TEMP HIGH TIME LOW TIME DAYS DAYS RAIN AVG HI TIME DIR BAROM HUM --------------------------------------------------------------------------------------- 1 67.1 82.8 3:59pm 46.4 6:10am 4 6 0.00 4 18 7:41pm NNW 30.06 32 2 71.1 87.2 2:53pm 51.9 5:30am 3 9 0.00 5 26 5:48pm WNW 30.08 30 3 73.8 88.4 3:47pm 57.2 5:56am 1 10 0.00 5 24 5:56pm ENE 30.01 29 4 72.8 88.6 2:53pm 56.9 6:26am 1 9 0.00 6 36 7:39pm NW 30.03 35 5 73.1 88.0 3:30pm 57.2 5:29am 1 9 0.00 4 21 6:21pm E 30.07 40 6 72.3 86.7 2:33pm 55.3 6:00am 1 9 0.00 5 26 5:25pm ENE 30.05 40 7 71.6 85.5 2:00pm 51.0 5:29am 1 7 0.00 6 29 3:44pm ENE 30.03 37 8 71.5 83.2 1:57pm 48.3 6:05am 2 7 0.00 6 28 12:15am NW 30.15 20 9 70.3 89.0 5:12pm 50.2 5:55am 5 15 0.00 4 21 6:10pm NW 30.17 30 10 72.3 88.0 1:11pm 53.9 6:08am 2 9 0.00 6 30 2:32pm W 30.05 25 11 71.5 86.5 2:25pm 51.6 6:09am 2 8 0.00 5 27 4:12pm ENE 30.01 24 12 70.2 87.0 3:40pm 49.5 6:15am 3 8 0.00 4 21 4:39pm ENE 29.98 28 13 71.6 90.7 4:45pm 51.4 6:20am 6 17 0.00 5 22 1:38pm NW 30.01 30 14 71.4 86.7 2:33pm 54.8 5:48am 2 8 0.00 5 27 3:15pm ENE 30.05 32 15 67.0 83.4 3:17pm 46.7 6:40am 4 6 0.00 5 26 12:57pm ENE 30.12 32 16 67.4 82.6 2:39pm 48.3 7:01am 4 6 0.00 6 28 4:05pm W 30.07 23 17 66.2 83.8 5:14pm 43.9 6:50am 5 6 0.00 4 18 5:18pm ENE 30.15 23 18 68.3 86.3 4:10pm 46.5 6:40am 4 8 0.00 5 28 3:06pm NNW 30.15 21 19 70.9 88.8 4:35pm 50.5 5:49am 3 9 0.00 4 22 5:57pm ENE 30.07 28 20 72.9 91.4 4:11pm 54.1 6:00am 2 10 0.00 4 18 2:48pm NNW 30.05 31 21 71.7 89.0 2:19pm 51.3 6:16am 3 9 0.00 7 33 2:41pm ENE 30.09 25 22 73.2 90.7 3:20pm 52.5 5:39am 2 10 0.00 10 27 3:35pm ENE 30.13 21 23 77.1 88.4 2:05pm 66.1 11:40pm 0 12 0.00 5 26 2:45pm W 30.11 15 24 71.1 85.5 1:20pm 54.7 6:43am 2 8 0.00 6 26 2:50pm ENE 30.05 21 25 66.9 83.6 3:04pm 46.1 6:08am 4 6 0.00 5 25 3:41pm ENE 30.01 28 26 67.8 84.7 4:34pm 48.6 6:20am 4 7 0.00 4 18 12:55pm NW 30.11 27 27 70.5 90.3 5:04pm 48.6 6:35am 4 9 0.00 4 20 7:43pm NW 30.17 23 28 72.5 91.0 1:58pm 53.8 6:25am 5 18 0.00 5 25 5:49pm ENE 30.08 25 29 71.5 86.5 2:17pm 53.9 4:44am 2 8 0.00 6 29 1:47pm W 30.00 22 30 68.8 84.9 2:50pm 44.5 6:22am 4 7 0.00 5 24 4:31pm NW 30.03 24 31 67.2 82.6 4:45pm 49.5 6:15am 3 5 0.00 5 21 2:21pm ENE 30.09 22 --------------------------------------------------------------------------------------- TOT 70.7 91.4 8/20/06 43.9 8/17/06 87 275 0.00 5 36 8/4/06 ENE 30.07 27 HEAT BASE: 65.0 COOL BASE: 65.0

Special thanks go to Ken at http://saratoga-weather.com for the scripts used to produce these NOAA reports.
USA Weather
	 Finder

Updated Automatically by Ambient Software's Virtual Weather Station  v14.00 p101
©All rights reserved. Unauthorized duplication or distribution is prohibited
Disclaimer:
Never make important decisions based on this or any weather information obtained from the Internet

Webpage layout revised 01/01/2007 @4:22pm PT