NOAA style reports
2011: Jan | Feb | Mar | Apr | May | Jun | Jul | Aug | Sep | Oct | Nov | Dec 
2010: Jan | Feb | Mar | Apr | May | Jun | Jul | Aug | Sep | Oct | Nov | Dec 
2009: Jan | Feb | Mar | Apr | May | Jun | Jul | Aug | Sep | Oct | Nov | Dec 
2008: Jan | Feb | Mar | Apr | May | Jun | Jul | Aug | Sep | Oct | Nov | Dec 
2007: Jan | Feb | Mar | Apr | May | Jun | Jul | Aug | Sep | Oct | Nov | Dec 
2006: Jan | Feb | Mar | Apr | May | Jun | Jul | Aug | Sep | Oct | Nov | Dec 
2005: Jan | Feb | Mar | Apr | May | Jun | Jul | Aug | Sep | Oct | Nov | Dec 

Report for 2006 06
MONTHLY CLIMATOLOGICAL SUMMARY FOR 6/2006 HEAT COOL MEAN DEG DEG WIND SPEED DOM MEAN MEAN DAY TEMP HIGH TIME LOW TIME DAYS DAYS RAIN AVG HI TIME DIR BAROM HUM --------------------------------------------------------------------------------------- 1 2 3 4 5 6 77.5 87.0 3:05pm 65.8 11:43pm 0 5 0.00 7 22 4:04pm ENE 29.99 29 7 69.7 83.6 1:59pm 56.7 6:32am 2 6 0.00 5 27 4:20pm W 30.02 34 8 66.2 79.0 2:31pm 48.5 5:45am 4 5 0.00 6 26 12:00pm ENE 30.04 33 9 63.9 77.6 2:55pm 45.2 5:31am 5 4 0.00 6 26 2:54pm W 30.03 35 10 62.5 79.2 4:03pm 43.6 5:57am 6 4 0.00 5 24 5:11pm ENE 29.99 36 11 66.8 79.9 2:47pm 49.6 5:26am 4 5 0.00 5 23 2:50pm NNW 29.83 37 12 67.1 78.1 3:31pm 56.7 6:28am 2 4 0.00 10 36 5:19pm SW 29.88 28 13 56.8 65.0 10:45am 44.6 11:58pm 8 0 0.00 9 34 1:40pm WSW 30.07 40 14 55.5 68.4 1:50pm 39.3 4:41am 10 0 0.00 5 24 3:45pm WNW 30.17 40 15 61.9 73.5 5:50pm 46.2 5:30am 5 2 0.00 6 24 4:57pm N 30.06 36 16 67.6 84.7 5:52pm 45.1 5:50am 5 7 0.00 4 20 8:33pm NW 30.15 36 17 71.4 87.4 2:54pm 52.8 5:07am 2 9 0.00 5 21 3:14pm ENE 30.09 37 18 70.9 87.2 2:08pm 51.0 5:30am 3 9 0.00 6 30 3:43pm W 30.06 29 19 70.0 83.2 3:58pm 55.7 4:14am 2 7 0.00 7 23 4:05pm ENE 30.04 19 20 69.7 86.3 4:55pm 48.9 5:35am 6 15 0.00 4 19 8:00pm ENE 30.14 29 21 72.0 88.0 4:44pm 53.3 5:55am 2 9 0.00 5 22 8:20pm NE 30.14 32 22 74.3 93.6 4:50pm 50.8 5:20am 3 12 0.00 4 17 8:58pm ENE 30.24 22 23 77.9 95.9 3:08pm 56.9 5:10am 1 14 0.00 6 26 6:19pm ENE 30.23 24 24 77.8 98.7 3:36pm 58.4 5:56am 1 14 0.00 4 31 5:04pm ENE 30.26 24 25 77.8 97.3 3:20pm 57.6 6:46am 1 13 0.00 5 34 5:15pm ENE 30.23 24 26 76.6 97.1 2:25pm 57.6 4:11am 1 12 0.00 4 32 4:12pm ENE 30.20 27 27 75.7 93.6 1:59pm 55.1 5:55am 1 11 0.06 5 33 3:13pm ENE 30.12 32 28 66.9 76.8 4:56pm 59.8 5:48am 1 3 0.09 4 31 6:20pm ENE 30.20 56 29 70.1 85.1 4:40pm 51.9 5:20am 3 8 0.00 5 24 5:06pm E 30.24 47 30 73.5 88.6 3:20pm 58.3 5:34am 1 9 0.00 5 26 5:39pm NNW 30.21 38 --------------------------------------------------------------------------------------- TOT 69.4 98.7 6/24/06 39.3 6/14/06 76 187 0.15 5 36 6/12/06 ENE 30.11 33 HEAT BASE: 65.0 COOL BASE: 65.0

Special thanks go to Ken at http://saratoga-weather.com for the scripts used to produce these NOAA reports.
USA Weather
	 Finder

Updated Automatically by Ambient Software's Virtual Weather Station  v14.00 p101
©All rights reserved. Unauthorized duplication or distribution is prohibited
Disclaimer:
Never make important decisions based on this or any weather information obtained from the Internet

Webpage layout revised 01/01/2007 @4:22pm PT