NOAA style reports
2011: Jan | Feb | Mar | Apr | May | Jun | Jul | Aug | Sep | Oct | Nov | Dec 
2010: Jan | Feb | Mar | Apr | May | Jun | Jul | Aug | Sep | Oct | Nov | Dec 
2009: Jan | Feb | Mar | Apr | May | Jun | Jul | Aug | Sep | Oct | Nov | Dec 
2008: Jan | Feb | Mar | Apr | May | Jun | Jul | Aug | Sep | Oct | Nov | Dec 
2007: Jan | Feb | Mar | Apr | May | Jun | Jul | Aug | Sep | Oct | Nov | Dec 
2006: Jan | Feb | Mar | Apr | May | Jun | Jul | Aug | Sep | Oct | Nov | Dec 
2005: Jan | Feb | Mar | Apr | May | Jun | Jul | Aug | Sep | Oct | Nov | Dec 

Report for 2006 02
MONTHLY CLIMATOLOGICAL SUMMARY FOR 2/2006 HEAT COOL MEAN DEG DEG WIND SPEED DOM MEAN MEAN DAY TEMP HIGH TIME LOW TIME DAYS DAYS RAIN AVG HI TIME DIR BAROM HUM --------------------------------------------------------------------------------------- 1 50.6 58.6 2:00pm 41.5 12:02am 14 0 0.00 6 37 5:32am SSW 29.89 52 2 50.0 57.0 11:31am 37.6 11:46pm 15 0 0.00 8 30 12:42am W 29.87 58 3 41.8 59.0 3:54pm 27.9 6:30am 23 0 0.00 3 7 3:11am ENE 30.05 64 4 45.9 55.0 12:04pm 30.1 11:59pm 19 0 0.00 10 33 9:31am W 29.93 45 5 33.6 48.2 1:47pm 21.8 7:36am 31 0 0.00 4 16 2:46pm ENE 30.27 60 6 34.2 51.0 3:37pm 20.8 6:31am 31 0 0.00 3 13 3:11pm ENE 30.37 61 7 37.8 58.7 3:18pm 22.2 6:54am 27 0 0.00 3 17 4:03pm ENE 30.36 54 8 37.2 55.0 2:26pm 22.1 6:15am 28 0 0.00 4 16 1:50pm ENE 30.30 52 9 39.2 55.7 3:27pm 23.9 5:46am 26 0 0.00 5 24 2:09pm ENE 30.23 52 10 38.9 54.8 3:07pm 24.5 7:10am 26 0 0.00 4 17 3:10pm ENE 30.31 56 11 38.0 53.6 3:11pm 24.1 5:48am 27 0 0.00 3 14 2:25pm ENE 30.43 59 12 41.3 60.2 2:55pm 25.7 6:24am 24 0 0.00 4 20 3:30pm ENE 30.39 54 13 41.2 60.5 3:24pm 25.7 5:40am 24 0 0.00 3 11 4:38pm ENE 30.22 53 14 43.1 58.1 12:51pm 31.8 7:10am 22 0 0.00 9 37 2:14pm W 29.76 44 15 24.6 36.6 12:00am 14.8 11:59pm 40 0 0.00 6 30 1:57am N 29.92 72 16 22.4 33.4 2:40pm 11.1 6:33am 43 0 0.00 3 16 9:00pm ENE 30.13 64 17 24.4 30.7 12:08pm 18.4 6:11am 41 0 0.00 3 12 12:11pm NW 29.94 66 18 24.4 34.6 3:33pm 14.0 3:23am 39 0 0.10 3 19 1:33pm ENE 29.97 78 19 25.7 30.7 3:32pm 19.7 6:55am 39 0 0.01 5 18 1:54pm NNE 30.12 74 20 25.8 37.6 3:07pm 14.0 6:31am 39 0 0.01 3 14 3:26pm ENE 30.27 62 21 27.9 45.1 2:20pm 14.4 4:30am 37 0 0.00 3 16 2:38pm ENE 30.25 52 22 34.9 51.6 3:08pm 20.2 5:17am 30 0 0.00 4 24 3:39pm ENE 30.24 50 23 38.1 55.3 3:37pm 23.0 6:29am 27 0 0.00 3 13 2:40pm ENE 30.14 53 24 41.0 60.2 3:47pm 24.8 6:07am 24 0 0.00 3 16 3:49pm ENE 30.04 49 25 43.2 62.9 3:25pm 26.4 6:10am 22 0 0.00 3 11 4:48pm ENE 30.06 38 26 45.7 58.1 12:02pm 32.1 2:40am 19 0 0.02 10 46 2:00pm SSW 29.91 45 27 48.1 53.5 9:45am 41.8 5:44pm 17 0 0.64 14 45 3:15am S 29.65 72 28 37.5 48.9 2:09am 31.9 11:59pm 27 0 0.38 11 41 1:59am SSW 29.88 72 --------------------------------------------------------------------------------------- TOT 37.0 62.9 2/25/06 11.1 2/16/06 782 0 1.16 5 46 2/26/06 ENE 30.10 58 HEAT BASE: 65.0 COOL BASE: 65.0

Special thanks go to Ken at http://saratoga-weather.com for the scripts used to produce these NOAA reports.
USA Weather
	 Finder

Updated Automatically by Ambient Software's Virtual Weather Station  v14.00 p101
©All rights reserved. Unauthorized duplication or distribution is prohibited
Disclaimer:
Never make important decisions based on this or any weather information obtained from the Internet

Webpage layout revised 01/01/2007 @4:22pm PT